. What is the tens digit of j?
0
Suppose -14*h = -9*h - 5*b - 41680, -6 = b. What is the thousands digit of h?
8
Let o be -12 + 17 - 1/1. Suppose -29*q = -33*q - o. What is the units digit of 1 - -62 - (-12)/((-6)/q)?
5
Suppose -9*v - 1728 = -90. What is the tens digit of (3 - (-30)/(-4))/(1/v)?
1
Let s be 20730/(-45) + (-4)/(-6) + 0. What is the units digit of (-5*16/200)/(2/s)?
2
Suppose 25 = -4*h - h + z, h + 4*z = -26. What is the tens digit of -6*830/h*6/10?
9
Suppose 0*a - 7202412 = -137*a - 10*a. What is the thousands digit of a?
8
Let d = -11 - -10. Let i(g) = 1476*g**2 - 30*g - 29. What is the hundreds digit of i(d)?
4
Let y = 11890 - 7351. What is the units digit of y?
9
Suppose 0 = 3*i - 4 - 5. Suppose 5*w = -z - 17, -3*w + 4*w = 4*z - 37. Suppose -n = i*n - m - 306, -4*m = z. What is the units digit of n?
6
Let f = 12 - 9. Suppose 2*z + 498 = -2*z + f*m, 5*z = 4*m - 622. Let i = z - -250. What is the tens digit of i?
2
Let c(g) = 675*g**2 + 9*g + 7. Let z be c(-1). Suppose z = -249*v + 250*v. What is the units digit of v?
3
Let s(a) = -4*a - 10*a + 46 - 11*a + 6*a. What is the units digit of s(-9)?
7
Suppose -y + 40918 = 2*z, 4*y = -303 + 327. What is the thousands digit of z?
0
Let c = 3861 - 113. What is the thousands digit of c?
3
Let u(f) = f**2 - 2*f - 2. Let h be u(4). Suppose 354 + 546 = h*q. Suppose -4*o = -3*y - 300, -4*y + q = -0*o + 2*o. What is the units digit of o?
5
Suppose 6*q = 5*q + r + 1470, -5*q = 2*r - 7336. What is the units digit of q?
8
Suppose 4*z - 634 = 2*z + 2*l, 0 = -2*z - 5*l + 627. Suppose 0 = -2*f - c + 627, 6*f - 2*c = 5*f + z. What is the hundreds digit of f?
3
Suppose 0 = -5*s - 0*s + 10, 3*a - 330 = -3*s. Let h = a + -44. Suppose w - 31 = -2*b, 4*w - 33 = b + h. What is the tens digit of w?
2
Suppose -28612 - 16745 = -13*z. What is the hundreds digit of z?
4
Let z = -16338 - -26892. What is the units digit of z?
4
Suppose 3*b = -5*g - 8 + 3877, 5*g - b = 3877. Suppose 3*m - g = 674. What is the hundreds digit of m?
4
Suppose -11488 - 76542 - 2423 = -3*p. What is the tens digit of p?
5
Suppose 0 = 2*l - p - 51856, 14*l + 2*p + 25931 = 15*l. What is the units digit of l?
7
Suppose 9*z - 4*c + 16 = 13*z, 0 = -4*z - 5*c + 16. Suppose z*o - 3688 = -3*n - n, n = -2*o + 1839. What is the hundreds digit of o?
9
Let r(s) = -s**3 + 63*s**2 + 32*s + 336. What is the units digit of r(62)?
4
Suppose 0*w + 62 = 2*b + 2*w, -2*b + w = -53. Suppose 0 = -5*t - 13 + b. What is the tens digit of (t/(-3) - 2)*(-181)/3?
8
Let u be 13/(-2) + 12*9/72. What is the hundreds digit of (0 - -2) + -33*(u + -17)?
7
Suppose 2*u - 281 - 389 = 5*w, -5*u - 670 = 5*w. Let z(j) = 56*j**2 + 3*j + 2. Let c be z(-2). Let n = w + c. What is the units digit of n?
6
Let b(h) = -629*h + 1295. What is the units digit of b(-18)?
7
Let u(q) = -81*q + 2. Let l be u(-2). Suppose -2*x - 15 = -7*x. Suppose -x*g - l = -5*g. What is the tens digit of g?
8
Let d be 0/51 + 21/(0 - -1). What is the units digit of (-3 - 1883/d)/(4/(-18))?
7
Suppose -3*f + 24251 = -567*p + 569*p, -5*p + 24245 = 3*f. What is the units digit of f?
5
Let h = -9841 + 36780. What is the hundreds digit of h?
9
Let b(p) = 190*p + 20. Let n be b(6). Let a = -806 + n. What is the units digit of a?
4
What is the units digit of ((-2900)/30)/(18/(-540))?
0
Suppose -40*v = 50*v + 79160 - 244760. What is the units digit of v?
0
What is the hundreds digit of ((-5562)/(-8))/(2 + 156/(-80))?
9
What is the ten thousands digit of (-30)/(-40) - 309231/(-12)?
2
Let q(x) = 8049*x**2 - 156*x - 6. What is the thousands digit of q(-2)?
2
Suppose 4*y + 13*g = 8*g + 35437, -g = 5*y - 44291. What is the units digit of y?
8
Suppose 6*p - 3*p = 5*c + 209, 5*p = -5*c + 415. Let n = -52 + p. Suppose -g + 98 - n = 0. What is the tens digit of g?
7
Suppose -28 = 4*l, 5*p = -370*l + 366*l + 134877. What is the ten thousands digit of p?
2
Let q(l) = -13*l - 34*l**2 + 31*l**2 + 2*l + 14. What is the units digit of q(-3)?
0
Let j(p) = 33*p - 147. Let q be j(5). Suppose a + 268 = 4*d, 0 = -d - a + q + 49. What is the units digit of d?
7
What is the units digit of 2/10 + (1064/(-60))/14*-13893?
8
Let z(w) = 3*w**2 + 28*w + 13. Let t be z(-9). Suppose -3*x - 2*u = 2*u - 525, -x + 191 = -t*u. What is the hundreds digit of x?
1
Let i = -2603 - -9835. What is the tens digit of i?
3
Let c(u) = u**3 - 38*u**2 - 117*u + 1101. What is the ten thousands digit of c(57)?
5
Let c(g) = g**2 - 18*g + 73. Let w be c(5). Suppose 3*v = -2*f + 30, 2*v + 3*f = 6*v - 40. What is the hundreds digit of (-20)/w*(-1144)/v?
2
Suppose 0 = 5*w + 3*y - 22, 5*y - 25 + 5 = -5*w. Suppose w*b = -2*s + 845, -5*s - 5*b - 195 + 2330 = 0. Suppose -5*h + s = -80. What is the hundreds digit of h?
1
Suppose -7*t = -7 - 7. Suppose 4*z = t*f + 242, 15 = f - 6*f. Suppose 5*p - 451 - z = 0. What is the units digit of p?
2
Let h = -236 - -560. Let k = h + 35. What is the tens digit of k?
5
What is the thousands digit of (460/(-20) - -27) + (-12514)/(-2)?
6
Let h = 113 - 107. Let n be 3710/6 - (-2)/3. Suppose h*i + 103 = n. What is the tens digit of i?
8
Let s = -35 - 387. Let m = s - -1000. What is the units digit of m?
8
Suppose 0 = 4*c + 3*c + 14, 2*h - 72370 = 5*c. What is the ten thousands digit of h?
3
Suppose -56*q - 9280 + 105936 = 0. What is the hundreds digit of q?
7
Suppose -316*k = -313*k - 27339. What is the units digit of k?
3
Let z(p) be the first derivative of -p**4/4 + 34*p**3/3 - 31*p**2/2 - 60*p + 10. What is the units digit of z(33)?
6
Let h(m) = 119*m**3 - m. Let x be h(1). Suppose -3*d = j - 108, j + 5*d + 2 = x. Let g = j + -36. What is the units digit of g?
0
Suppose 3*u = 4*k - 2, 5*u - 4*k = -16 + 2. Let y(b) = -183*b - 85. What is the hundreds digit of y(u)?
0
Suppose 4*r - 4*v - 44 = -r, 3*v + 11 = r. What is the units digit of r/(-14) + (-58662)/(-126)?
5
Let z(j) = -846*j + 0 + 7*j**2 + 880*j - 4. What is the hundreds digit of z(-8)?
1
Let v(a) = -7*a - 2. Let z be v(-1). Suppose 3*x + 2*x + z = 2*o, 1 = -2*o - x. Suppose 5*h + 25 = o, -2*h - 33 = -2*p + 29. What is the units digit of p?
6
Let m(y) be the first derivative of -5*y**2/2 + 5*y + 4. Let i be m(4). What is the units digit of (3/(-2))/(i/1210)?
1
Suppose 30 = 12*k - 18. Suppose -6*r + r = -k*n + 528, -419 = -3*n - 2*r. What is the hundreds digit of n?
1
Let g(y) be the first derivative of -y**4/4 - 4*y**3/3 - y**2/2 - 4*y + 16. Let c be g(-4). Suppose c*u + 10 = 2*u. What is the units digit of u?
5
Let f = 14742 + -7445. What is the units digit of f?
7
What is the ten thousands digit of (-30)/50*(-20)/42 + (-83536)/(-7)?
1
Let a = 87 - 83. Suppose 1580 = a*d - 204. Let p = -217 + d. What is the tens digit of p?
2
Let p be (-264)/(-2)*(-5)/(-10). Let g = 152 + p. Suppose -4*q + 19 = 5*r - g, 4*r = 5*q - 245. What is the units digit of q?
3
Let k be (-13)/78 + 1262/12. Suppose k*b - 110*b + 980 = 0. What is the units digit of b?
6
Let m(b) be the second derivative of 7*b**3/2 + 41*b**2 + 2*b - 8. What is the tens digit of m(19)?
8
What is the tens digit of 3/(-15) + -16*453611/(-680)?
7
Let d be (246 - 2) + 56/(-7) + 10. Suppose 295 = -d*f + 251*f. What is the tens digit of f?
5
Let r = 259 - 253. What is the units digit of (r/4)/(4 - (-14079)/(-3522))?
7
Let l be 4*((-1)/3)/(5/(-15)). What is the units digit of (174 - (0 - 2))*(1 + l)?
0
Let i(n) be the first derivative of -5*n**3/3 - 2*n**2 + 251*n - 19. Let b(x) = x**2 + x - 63. Let a(s) = -9*b(s) - 2*i(s). What is the units digit of a(0)?
5
Let i(z) = 99*z**2 - 2*z. Let x(d) = d**3 + 10*d**2 - d - 9. Let n be x(-10). Let g be i(n). Let s = g - 39. What is the tens digit of s?
5
Let a be 470*-1*(-5)/(10 - 0). Let o be (3 + -4)*124 - -2. Let q = a + o. What is the units digit of q?
3
Suppose 0 = -f - i - 2*i - 7, 0 = -2*f + 5*i - 3. What is the hundreds digit of (f/4 - -1) + 387 + -5?
3
Let r(x) = 2*x**3 + 38*x**2 - 72*x + 28. What is the thousands digit of r(-13)?
2
Suppose -2*z + 1793 = 2*s - 3*z, -5*z = -5*s + 4480. Suppose s = -3*b + 16*b. Let c = b + -5. What is the units digit of c?
4
Let u(f) = 9*f + 3 + 858*f**2 - 852*f**2 - 2 - 89*f**3. What is the units digit of u(-2)?
9
Let h(p) = p. Let w(s) = 2*s + 13. Let t be -1 - (-3 - -4 - -1). Let a(n) = t*h(n) + w(n). What is the units digit of a(7)?
6
Supp